*m - 2033268 = -703047 + 2002812. What is the tens digit of m?
4
Let k be 1/((-8)/12)*(-3360)/9. Suppose -3*v = -6*v + 9. Suppose -v*w - w + k = 0. What is the units digit of w?
0
Suppose -2*g + 105 = 15. Suppose 5*i + 4*w - g = 0, 5*i + 2*w = 2 + 33. Suppose 1282 = i*s + 307. What is the tens digit of s?
9
Let b = 57484 - 28024. What is the units digit of b?
0
Let g(w) be the second derivative of -2*w**3 - 21*w**2 + 9*w. Let f be g(17). What is the units digit of 12/28 + f/(-14)?
8
Let f(q) = 10*q**2 + 14*q + 13. Let u be f(19). What is the hundreds digit of (-6)/(-144)*-4 + u/6?
6
Let g = -21684 + 99237. What is the thousands digit of g?
7
Let t(l) = -3*l + 3. Let x be t(0). What is the tens digit of x/(-2)*((-764)/3 - -2)?
7
What is the hundreds digit of 2007309/102 + ((-15)/2)/(-3)?
6
Let t(a) = -1306*a**3 - 40*a**2 - 130*a - 13. What is the hundreds digit of t(-3)?
2
Let i be 22/(-55)*(-20)/2. Suppose -n = -i*v + 2804 + 1923, 4*n - 4 = 0. What is the tens digit of v?
8
Suppose -2*r + 454 = -624. Let s = 1151 - r. Suppose -q + s = 5*q. What is the units digit of q?
2
Suppose j = -3*a + 18, -5*j - 8 = 4*a - 43. Suppose 45 = 4*x + a*x. Suppose -4*s - 45 = -x*o, 0*s + 45 = 5*o + 2*s. What is the units digit of o?
9
Suppose 61790 = 4*k - 21530. What is the hundreds digit of k?
8
Let p = -17 - -19. Suppose -624 = -p*q - 4*q. Let n = -66 + q. What is the tens digit of n?
3
Let v = -11 - -13. Suppose -478 = -v*p - 98. Suppose -3*q + 280 = 2*l, 3*q - q - p = 2*l. What is the units digit of q?
4
Let x = 11 - 12. Let h = x + 1. Suppose 3*f + v + 2 = h, -4*f - 3*v - 16 = v. What is the units digit of f?
1
Let j(k) be the second derivative of k**4 - k**3/3 - 7*k**2 + 8*k. What is the hundreds digit of j(-6)?
4
Let i = 51773 + -34949. What is the ten thousands digit of i?
1
Let q = 21 + 1. Let d(a) = 5*a**2 - a**2 + q - 6 - 3*a**2 + 7*a. What is the tens digit of d(-7)?
1
Let n(a) = -20*a + 30. Let v be n(7). Let o be (-460)/v + 2/(-11). What is the hundreds digit of o/(-5) - (-1424)/5?
2
Let d = 79605 - 39338. What is the thousands digit of d?
0
Let p = -373 + 373. Suppose p = -4*j + 7*o - 2*o + 2457, o = 3. What is the tens digit of j?
1
Let z(w) = -3*w**3 + 4*w**2 + 3*w + 17. Let j(d) = -5*d**2 + 9*d + 8. Let i be j(-1). What is the units digit of z(i)?
1
Let u = -9 + 19. Let f = u - 8. Suppose -480 = -4*o + 2*k, -114 = f*o - 3*o - k. What is the hundreds digit of o?
1
Let i(w) be the second derivative of 1/10*w**5 - 5/12*w**4 - 5/6*w**3 + 0 - 3*w + 4*w**2. What is the hundreds digit of i(5)?
1
Let p = -3290 + 19983. What is the hundreds digit of p?
6
Let w(z) = 3*z + 1 + z**2 + 30*z**2 + 3*z**2 + 6*z**3 - 24*z**3 - 30*z**2. Let d = -5 - -3. What is the tens digit of w(d)?
5
Suppose 5*k + 37 = 27, -71296 = -2*s - 4*k. What is the ten thousands digit of s?
3
Let a be (-22)/(-3) + (-5)/15. Suppose 2*q - 27 = -a*q. Suppose 0 = -2*r + 1 + 3, q*r = -3*w + 537. What is the units digit of w?
7
Let k = 159893 + -103016. What is the hundreds digit of k?
8
Suppose -2*z - 7*r + 11*r = -330, r = -2*z + 335. Let k = z - 161. What is the units digit of k?
6
Suppose -y - 4 = -2*q, 0 = -12*q + 8*q + 16. Suppose 0 = 3*k - 7 - 269. Suppose -y*x + x + 4*v = -290, x = -v + k. What is the tens digit of x?
9
Let g(w) = 4*w - 1. Let v(j) = j. Let r(t) = -g(t) + 3*v(t). Let q be r(-9). Let p(n) = -n**2 + 17*n + 6. What is the units digit of p(q)?
6
Let t(y) = 142*y**3 + 4*y**2 - 178*y + 1152. What is the units digit of t(7)?
8
Suppose 0 = -o - 6 + 15. Suppose 21*y = -o*y + 12510. What is the tens digit of y?
1
Suppose -4*n = -5*s - 32, -4*n + 23 - 3 = -2*s. What is the tens digit of s/((-32)/354) - 60/(-80)?
4
Let i = 605 - 603. Suppose -3*x = i*h - 947, 5*h - x = -5*x + 2350. What is the hundreds digit of h?
4
Suppose x = 225 - 221. What is the units digit of 13/2 - (x + -7)/(-6)?
6
Suppose 3*w - 2*l + 350 = 0, 4*w + 310 + 158 = 3*l. Let k be (6/(-18))/((-2)/w). What is the tens digit of (-8)/(-76) + (-1100)/k?
5
Let w be 1 - (55 + 4 + -4). Let j = w + 59. Suppose -425 = 3*i - 7*i - 3*d, 5 = -j*d. What is the tens digit of i?
0
Let x be 10/(-6) + (-14)/(-21). Let q be 300/44 + 4/(-22)*x. Suppose -4*z - 9*a = -q*a - 60, 60 = 4*z - 2*a. What is the units digit of z?
5
Suppose -a + 3655 = -2020. What is the thousands digit of a?
5
Suppose b - 4*z + 81 = 0, -b + 5*b = -2*z - 360. Let s = 270 + b. What is the tens digit of s?
8
Let d = 104 - 130. What is the units digit of (-1 - 30/4)*(d - -24)?
7
Let y(h) = 1039*h**2 + 33*h - 218. What is the units digit of y(6)?
4
Suppose 1196*k - 1197*k = -7119. What is the thousands digit of k?
7
Let v be 2 + 14/4 - 9/(-6). Suppose v*u - 8*u + 5 = 0. Suppose u*d = 0, -48 - 72 = -w + d. What is the hundreds digit of w?
1
Suppose 65*s - 39*s - 125892 = 0. What is the units digit of s?
2
Let m = 594 - 527. Suppose r - 499 - m = 0. What is the units digit of r?
6
Let r(q) = 72*q - 87. Let b(f) = -f**3 - 4*f**2 - 4*f + 2. Let c be b(-3). What is the tens digit of r(c)?
7
Suppose -3*m + 4 = m. Let z(d) = 461*d**3 - 2*d**2 + 3*d - 1. Let w be z(m). What is the tens digit of w/7 + 1/7?
6
Let g = 35223 + -7703. What is the units digit of g?
0
Suppose 3*s - 73326 = -y, -6*s + 3*y = -8*s + 48898. What is the ten thousands digit of s?
2
Let r be (-25*5/2)/(2/52). What is the units digit of (r/45)/(-5) + 2/(-9)?
7
Let y(m) = 5*m**3 - 13*m**2 - 97*m + 128. What is the tens digit of y(18)?
3
Let y(s) = 32*s - 661*s - 10 + 21 + 33 - 353*s. What is the thousands digit of y(-1)?
1
Let y = 39195 + -20611. What is the tens digit of y?
8
Suppose -4*a = 1129 + 1271. Let f = 160 - a. What is the units digit of f?
0
Let t = 311 + -288. Suppose -590 = -t*u + 29356. What is the hundreds digit of u?
3
Let p(q) = 10 - 14 + 3 + q. Let h(a) = -a**3 - 13*a**2 + 15*a + 25. Let o(j) = -h(j) - 5*p(j). What is the units digit of o(-14)?
4
Let q(h) = 5*h**2 + 3*h - h - 6 - h + 22*h**3. Suppose 3*y = -3*w + 12, w = -5*y + 3*y + 6. What is the tens digit of q(w)?
9
Let z = -4331 - -2417. Let a = z - -3578. What is the hundreds digit of a?
6
Let h = 16754 + -3070. What is the tens digit of h?
8
Suppose 0 = -o + 3*u + 1261, 5*o - 3*u + 968 = 7309. Let q = 1821 - o. What is the tens digit of q?
5
Let l = -99 + 92. Let j be (-18)/(-45) + 5/((-50)/(-1476)). Let v = l + j. What is the hundreds digit of v?
1
Let q(x) = 14541*x**3 - 2*x**2 + 9*x - 8. What is the ten thousands digit of q(1)?
1
Let g = 23 - 29. Let a be (g/(-5))/(2/235). Let f = 221 - a. What is the tens digit of f?
8
Suppose 4*i - 8038 - 13707 = y, 0 = -3*y - 3. What is the hundreds digit of i?
4
Suppose 559 = -14*t + 3401. Let p = t + -202. What is the units digit of p?
1
Suppose 1700996 = -510*u + 554*u. What is the ten thousands digit of u?
3
Let r = -4265 + 6589. What is the hundreds digit of r?
3
Let f = 2 + 1. Let p(h) = 132*h + 5. What is the hundreds digit of p(f)?
4
Let u(m) = 401*m + 34. Let k = 326 - 324. What is the tens digit of u(k)?
3
Suppose 2*q - 3*q = -3*m + 30, 5*m + q = 58. Suppose -m*r + 0*r = -2332. What is the hundreds digit of r?
2
Suppose 268*p - 263*p = 25545. What is the hundreds digit of p?
1
Suppose 25*o = -14*o + 42*o - 10407. What is the units digit of o?
9
What is the ten thousands digit of (-26)/(1248/(-700788)) + 5/4?
1
Suppose 0*c + 5*t = -c + 16, 2 = c - 2*t. What is the units digit of 0 - (5 - c)*53?
3
Let s be (2/(-7))/(-2)*(0 + 7). Let l be (s + -10)/((-7)/((-28)/(-6))). Let y(t) = -t**3 + 9*t**2 - 8*t + 11. What is the tens digit of y(l)?
7
Let w(r) be the first derivative of -3*r**2/2 + 95*r - 10. Let p be w(0). Suppose -2*t - b + p = -0*b, -5*b = 2*t - 99. What is the units digit of t?
7
Suppose 0 = -12*m + 146 - 146. Suppose -k + 1357 = 4*r - 48, -r + 3*k + 361 = m. What is the hundreds digit of r?
3
Let h(a) = -9*a - 16. Let l(u) = 4*u. Let d be l(2). Let q = d + -11. What is the units digit of h(q)?
1
Let q be (-5 + 3)/(-2)*143. Suppose 8*g = q + 673. What is the hundreds digit of 8/(-12)*g*-2?
1
Let v = -376 - -3333. Suppose 3*c - v = -4*h, h - c - 119 = 615. What is the hundreds digit of h?
7
Suppose 0 = 14*t - 7*t - 5922. Suppose -4*v + 7*v = t. Let p = v - 137. What is the hundreds digit of p?
1
Let y be 5 + -6 + (-21762)/2. Let w be 4/6 - y/3. Suppose 1384 = -11*n 